25
Calculate the highest common factor of 2254 and 294.
98
Calculate the greatest common factor of 632 and 8.
8
What is the greatest common divisor of 984 and 41?
41
What is the highest common divisor of 90 and 40?
10
What is the greatest common divisor of 25 and 1?
1
Calculate the highest common divisor of 36 and 198.
18
Calculate the highest common divisor of 22 and 154.
22
What is the highest common divisor of 8 and 632?
8
What is the highest common divisor of 188208 and 144?
144
What is the greatest common factor of 2740 and 30?
10
Calculate the greatest common factor of 570 and 5605.
95
What is the highest common divisor of 8 and 1268?
4
What is the greatest common divisor of 273 and 7?
7
Calculate the greatest common factor of 85 and 697.
17
What is the highest common divisor of 448 and 16?
16
What is the highest common divisor of 26 and 949?
13
What is the greatest common factor of 104 and 32?
8
Calculate the highest common divisor of 48 and 204.
12
What is the greatest common factor of 736 and 32?
32
What is the greatest common factor of 72 and 792?
72
What is the greatest common divisor of 18 and 129?
3
What is the greatest common divisor of 18 and 153?
9
Calculate the highest common factor of 316 and 8058.
158
What is the highest common factor of 269 and 5?
1
What is the greatest common factor of 265 and 5?
5
Calculate the greatest common factor of 160 and 7340.
20
What is the greatest common divisor of 75 and 3525?
75
Calculate the highest common factor of 48 and 12.
12
What is the highest common factor of 2168 and 8?
8
What is the greatest common factor of 111 and 518?
37
Calculate the greatest common divisor of 1420 and 20.
20
What is the greatest common divisor of 8868 and 24?
12
Calculate the greatest common divisor of 17 and 1241.
17
Calculate the highest common factor of 33944 and 8.
8
What is the greatest common divisor of 23 and 102833?
23
Calculate the highest common divisor of 130 and 78.
26
What is the greatest common divisor of 155 and 110?
5
What is the greatest common factor of 920 and 80?
40
Calculate the greatest common factor of 196 and 28.
28
Calculate the greatest common divisor of 39 and 4082.
13
Calculate the greatest common divisor of 13 and 403.
13
What is the greatest common factor of 9376 and 16?
16
What is the greatest common factor of 19 and 19?
19
What is the greatest common factor of 195 and 143?
13
Calculate the greatest common factor of 13 and 30.
1
What is the highest common divisor of 2730 and 105?
105
Calculate the highest common divisor of 8481 and 33.
33
Calculate the greatest common divisor of 1372 and 224.
28
What is the highest common divisor of 22 and 143?
11
Calculate the greatest common divisor of 4689 and 18.
9
What is the highest common factor of 120 and 470?
10
Calculate the greatest common factor of 711 and 2528.
79
What is the greatest common factor of 37 and 2368?
37
What is the highest common divisor of 1062 and 18?
18
Calculate the highest common divisor of 122 and 1647.
61
Calculate the highest common divisor of 34 and 136.
34
Calculate the highest common divisor of 2 and 446.
2
What is the greatest common factor of 1632 and 51?
51
Calculate the highest common divisor of 690 and 480.
30
What is the greatest common divisor of 30 and 555?
15
Calculate the highest common divisor of 18 and 63.
9
What is the highest common divisor of 39 and 17654?
13
Calculate the highest common factor of 32 and 1504.
32
What is the greatest common factor of 26 and 13078?
26
Calculate the highest common divisor of 98 and 1.
1
Calculate the greatest common divisor of 3128 and 884.
68
Calculate the greatest common divisor of 27 and 1674.
27
Calculate the greatest common divisor of 126 and 826.
14
What is the highest common factor of 2224 and 32?
16
What is the greatest common divisor of 2 and 127?
1
What is the highest common divisor of 90 and 558?
18
What is the highest common divisor of 4387 and 321?
107
What is the greatest common factor of 140 and 3430?
70
Calculate the highest common factor of 4 and 1228.
4
Calculate the greatest common factor of 46 and 1472.
46
Calculate the greatest common divisor of 96 and 1568.
32
What is the greatest common factor of 462 and 84?
42
What is the greatest common factor of 9 and 2976?
3
What is the greatest common factor of 5 and 85?
5
What is the highest common divisor of 75 and 125?
25
Calculate the greatest common divisor of 209 and 88.
11
Calculate the highest common divisor of 1048 and 1179.
131
What is the greatest common divisor of 1890 and 5?
5
What is the greatest common divisor of 32 and 40?
8
Calculate the greatest common factor of 105 and 8715.
105
What is the highest common divisor of 2112 and 99?
33
Calculate the highest common factor of 11 and 473.
11
Calculate the highest common factor of 1815 and 180.
15
Calculate the greatest common divisor of 10 and 2930.
10
What is the highest common factor of 81 and 27?
27
Calculate the greatest common divisor of 3024 and 8.
8
What is the greatest common divisor of 272 and 34?
34
Calculate the highest common factor of 1713 and 15.
3
Calculate the greatest common factor of 1190 and 140.
70
What is the greatest common factor of 38 and 1235?
19
What is the greatest common divisor of 57 and 1007?
19
Calculate the highest common factor of 351 and 39.
39
What is the highest common factor of 4 and 1636?
4
What is the greatest common divisor of 7 and 112?
7
What is the greatest common factor of 78 and 637?
13
What is the greatest common factor of 23 and 736?
23
What is the highest common factor of 154 and 22?
22
Calculate the greatest common factor of 47 and 1175.
47
Calculate the greatest common divisor of 63 and 21.
21
Calculate the greatest common factor of 138 and 207.
69
Calculate the highest common divisor of 84 and 1407.
21
Calculate the highest common divisor of 1 and 1.
1
What is the greatest common factor of 110 and 902?
22
What is the greatest common factor of 1590 and 90?
30
What is the greatest common divisor of 944 and 2301?
59
Calculate the greatest common factor of 4851 and 126.
63
Calculate the highest common divisor of 528 and 66.
66
Calculate the highest common factor of 740 and 84.
4
What is the highest common divisor of 2624 and 48?
16
What is the greatest common factor of 4607 and 221?
17
What is the highest common factor of 3303 and 9?
9
Calculate the highest common factor of 31104 and 256.
128
Calculate the highest common factor of 51 and 17.
17
Calculate the highest common divisor of 33 and 297.
33
What is the greatest common divisor of 32 and 84?
4
Calculate the highest common factor of 1206 and 18.
18
Calculate the greatest common divisor of 30 and 490.
10
Calculate the greatest common divisor of 17150 and 40.
10
Calculate the highest common factor of 783 and 87.
87
Calculate the greatest common divisor of 88 and 165.
11
Calculate the highest common divisor of 17256 and 6.
6
Calculate the highest common factor of 47 and 235.
47
What is the highest common factor of 1 and 4?
1
What is the greatest common factor of 10 and 30?
10
Calculate the highest common divisor of 2509 and 13.
13
What is the greatest common factor of 1272 and 48?
24
Calculate the highest common factor of 36 and 2682.
18
Calculate the greatest common divisor of 630 and 14.
14
What is the highest common factor of 123 and 205?
41
Calculate the highest common divisor of 67 and 536.
67
What is the greatest common factor of 14405 and 430?
215
What is the highest common divisor of 371 and 318?
53
What is the highest common factor of 2813 and 97?
97
What is the greatest common factor of 66 and 33?
33
What is the highest common divisor of 1786 and 517?
47
Calculate the greatest common factor of 9 and 213.
3
Calculate the highest common divisor of 396 and 1122.
66
Calculate the highest common factor of 219 and 35697.
219
What is the highest common divisor of 1143 and 72?
9
Calculate the greatest common factor of 972 and 351.
27
What is the highest common divisor of 258 and 708?
6
What is the highest common factor of 40 and 194?
2
What is the greatest common divisor of 711 and 72?
9
Calculate the highest common divisor of 11634 and 168.
42
Calculate the highest common divisor of 72 and 90.
18
Calculate the greatest common divisor of